7901041531 prime?
False
Is 51760516019 composite?
False
Is 2648548157 composite?
False
Is 1281456601 a prime number?
True
Is 223074077 a composite number?
False
Is 155884707413 composite?
False
Is 8143473889 a composite number?
False
Is 19974909089 composite?
False
Is 4183014031 composite?
True
Is 15934376291 composite?
False
Is 3292213 prime?
True
Is 310978001 composite?
False
Is 15002842147 a composite number?
True
Is 1793200433 a prime number?
False
Is 449753903 a composite number?
False
Is 110511620077 composite?
False
Is 10593738739 composite?
True
Is 16355101909 prime?
False
Is 44109048499 a composite number?
False
Is 732718081 prime?
True
Is 1909498273 composite?
False
Is 18870116471 composite?
False
Is 5490286441 prime?
True
Is 63993001543 composite?
False
Is 1038244687 a prime number?
True
Is 55225661501 a prime number?
True
Is 254725465 a prime number?
False
Is 6060947999 a prime number?
True
Is 2663506939 a prime number?
False
Is 524365321 a composite number?
False
Is 15921614183 a composite number?
False
Is 525104903 a composite number?
True
Is 10200832919 a composite number?
True
Is 79614984829 a prime number?
True
Is 1198165063 a composite number?
True
Is 4314335873 prime?
True
Is 677090993 a composite number?
True
Is 655718423 a composite number?
True
Is 3461839541 composite?
False
Is 569133379 a composite number?
True
Is 35098471 prime?
True
Is 612362897 a prime number?
False
Is 636706247 a composite number?
True
Is 5608114231 a prime number?
True
Is 13483129823 composite?
True
Is 1279775279 a composite number?
False
Is 4979252743 composite?
True
Is 7296076923 a prime number?
False
Is 373853923 a prime number?
False
Is 4455873767 a prime number?
True
Is 22241386001 composite?
True
Is 646862641 composite?
False
Is 5048824449 composite?
True
Is 541353409 composite?
True
Is 5107888837 a composite number?
True
Is 12492048603 composite?
True
Is 1123194797 composite?
False
Is 15804075667 prime?
True
Is 13158978059 a composite number?
True
Is 1718401811 prime?
False
Is 12478915907 a composite number?
True
Is 7476818546 a prime number?
False
Is 23339796013 a composite number?
False
Is 351896959 prime?
False
Is 1487747713 composite?
False
Is 20735221699 a composite number?
True
Is 49847629523 a prime number?
False
Is 1276150718 a composite number?
True
Is 3365608247 a prime number?
False
Is 258788857 prime?
True
Is 12205057637 composite?
False
Is 4156665221 a prime number?
True
Is 121849627 a composite number?
True
Is 19452454123 a composite number?
False
Is 1099077887 a composite number?
True
Is 57607891811 composite?
True
Is 4710566821 a composite number?
False
Is 1800748751 prime?
True
Is 1350341093 composite?
True
Is 388916329 a composite number?
True
Is 10420736743 a prime number?
True
Is 252567617 a prime number?
False
Is 131063592923 a prime number?
False
Is 4389951817 composite?
True
Is 15744167539 composite?
False
Is 4163972201 a prime number?
True
Is 1210504817 a prime number?
False
Is 63176287 a prime number?
True
Is 321191686 a prime number?
False
Is 18552042547 composite?
True
Is 21093591767 a composite number?
True
Is 263428181 a prime number?
False
Is 7360406 a prime number?
False
Is 1628015443 a composite number?
True
Is 14170210183 a composite number?
False
Is 2128297081 a composite number?
False
Is 79579003645 prime?
False
Is 8932990189 prime?
False
Is 189845987 a prime number?
False
Is 592898041 a prime number?
True
Is 13128984649 prime?
False
Is 36481087337 prime?
True
Is 7937531139 a prime number?
False
Is 5632548769 a composite number?
True
Is 59462632319 composite?
False
Is 77229016867 a composite number?
False
Is 2792042689 prime?
False
Is 11943112699 a prime number?
False
Is 110360793 a prime number?
False
Is 26798151151 composite?
False
Is 927365039 a prime number?
True
Is 930952567 a composite number?
False
Is 30265353857 prime?
False
Is 11373836597 composite?
False
Is 598584071 composite?
False
Is 1764948049 composite?
True
Is 1143039413 a prime number?
False
Is 38908517719 prime?
True
Is 214999643 prime?
True
Is 140936011 composite?
False
Is 1681350233 a composite number?
False
Is 64052846047 a prime number?
True
Is 11166125246 prime?
False
Is 26503751231 a composite number?
False
Is 1866323647 composite?
True
Is 4287259369 composite?
False
Is 14769201647 a prime number?
True
Is 96320099 composite?
True
Is 6084145409 a composite number?
True
Is 617226887 composite?
False
Is 9525051553 a prime number?
True
Is 766271677 prime?
False
Is 95523217253 a prime number?
True
Is 1028477383 a prime number?
True
Is 64124840557 composite?
False
Is 105657995189 prime?
True
Is 8328807139 a composite number?
True
Is 14578932533 prime?
False
Is 355058657 prime?
True
Is 195067837 composite?
False
Is 25590180877 prime?
True
Is 5143543387 prime?
False
Is 138240961 composite?
False
Is 114409231577 composite?
False
Is 99876953 a composite number?
True
Is 8818540369 composite?
False
Is 545879021 a composite number?
True
Is 16849617691 composite?
False
Is 535213633 prime?
True
Is 22852889 a prime number?
False
Is 18780585919 a prime number?
False
Is 1828503283 a composite number?
False
Is 16743845641 a prime number?
True
Is 479514883 prime?
False
Is 34442914749 composite?
True
Is 642772909 a prime number?
False
Is 4291521281 composite?
True
Is 122256857939 a composite number?
False
Is 25898728091 a composite number?
True
Is 20560278773 a prime number?
True
Is 764998687 prime?
False
Is 547217653 a prime number?
True
Is 16691041307 a composite number?
False
Is 66831198991 prime?
True
Is 21078809777 prime?
True
Is 88458857189 a prime number?
True
Is 390433607 composite?
False
Is 20070492467 a prime number?
True
Is 74414297 composite?
False
Is 428221009 prime?
False
Is 58082132219 prime?
False
Is 33324245741 a prime number?
False
Is 7454810521 a prime number?
False
Is 3175574663 a composite number?
False
Is 6337170793 a composite number?
False
Is 4488999205 composite?
True
Is 8594786051 a prime number?
False
Is 3762795149 a prime number?
True
Is 30828901891 a composite number?
True
Is 547776965 a prime number?
False
Is 1444732207 prime?
True
Is 1383295827 composite?
True
Is 2778281743 prime?
True
Is 878584151 prime?
False
Is 136864067761 prime?
True
Is 24642153397 a composite number?
False
Is 16840136018 composite?
True
Is 612590221 composite?
True
Is 34278957517 composite?
True
Is 6116981597 a composite number?
True
Is 44076881735 a prime number?
False
Is 9652507561 composite?
False
Is 111802781 prime?
False
Is 64054937327 prime?
False
Is 8768260115 a composite number?
True
Is 27009823661 a prime number?
False
Is 1583351047 composite?
False
Is 19509841231 prime?
False
Is 2889937009 a prime number?
False
Is 1232667697 composite?
True
Is 1266206713 a composite number?
True
Is 7621262413 composite?
True
Is 6441900637 a composite number?
True
Is 251308957 a prime number?
True
Is 6308610127 a prime number?
True
Is 1181940439 a composite number?
True
Is 1364530033 prime?
True
Is 48820241 prime?
True
Is 4823888657 a composite number?
True
Is 30002306731 a composite number?
False
Is 1943911979 composite?
False
Is 4885364003 a composite number?
True
Is 13346289083 a prime number?
True
Is 4594491461 a composite number?
True
Is 2741262505 a prime number?
False
Is 2934176909 a composite number?
False
Is 11204820217 composite?
True
Is 1335342851 prime?
False
Is 67641127 prime?
True
Is 43034884163 a prime number?
True
Is 134737457 a prime number?
True
Is 40716146389 a composite number?
True
Is 1070249071 a prime number?
False
Is 4887879131 a composite number?
True
Is 17013650501 composite?
False
Is 731417399 a composite number?
False
Is 128948428013 composite?
True
Is 24687086467 composite?
False
Is 278433679 composite?
True
Is 214271081 prime?
True
Is 9841606813 a composite number?
False
Is 119598769 composite?
True
Is 25652012413 a prime number?
True
Is 1713729811 a composite number?
True
Is 12709580839 prime?
True
Is 7179429799 a composite number?
False
Is 71148896413 prime?
False
Is 29196863461 prime?
False
Is 29061776897 composite?
True
Is 7068098659 composite?
False
Is 6136367311 composite?
True
Is 229687363 composite?
False
Is 623096913 a prime number?
False
Is 494389981 composite?
True
Is 397654351 a prime number?
False
Is 27210870047 